572 and 1804.
44
Calculate the greatest common factor of 83 and 3320.
83
Calculate the greatest common factor of 84 and 492.
12
Calculate the greatest common divisor of 210 and 252.
42
What is the highest common factor of 224 and 7?
7
What is the greatest common divisor of 14719 and 205?
41
What is the highest common divisor of 40 and 9830?
10
What is the greatest common factor of 80 and 1290?
10
Calculate the greatest common divisor of 2400 and 1300.
100
What is the greatest common factor of 7248 and 12?
12
Calculate the greatest common divisor of 413 and 59.
59
What is the highest common divisor of 174 and 232?
58
Calculate the highest common divisor of 285 and 475.
95
What is the greatest common divisor of 756 and 20?
4
What is the highest common factor of 1312 and 64?
32
Calculate the greatest common factor of 952 and 112.
56
Calculate the highest common divisor of 483 and 357.
21
Calculate the highest common factor of 8024 and 118.
118
Calculate the greatest common factor of 374 and 11033.
187
Calculate the highest common divisor of 187 and 99.
11
What is the highest common factor of 1390 and 80?
10
What is the greatest common factor of 206 and 14?
2
Calculate the highest common divisor of 321 and 6.
3
What is the highest common divisor of 6 and 123?
3
What is the highest common divisor of 169 and 1?
1
Calculate the highest common divisor of 124 and 4495.
31
Calculate the greatest common divisor of 219 and 1387.
73
What is the greatest common factor of 48 and 22?
2
Calculate the greatest common divisor of 10263 and 33.
33
What is the highest common factor of 120 and 156?
12
What is the highest common factor of 1115 and 5?
5
Calculate the greatest common divisor of 3 and 24.
3
Calculate the highest common divisor of 209 and 1767.
19
What is the highest common divisor of 37 and 148?
37
What is the greatest common factor of 116 and 899?
29
Calculate the highest common divisor of 265 and 125.
5
What is the highest common divisor of 366 and 2318?
122
Calculate the highest common divisor of 747 and 9.
9
Calculate the highest common divisor of 10 and 30.
10
Calculate the greatest common divisor of 108 and 3267.
27
Calculate the highest common divisor of 63 and 1344.
21
Calculate the greatest common factor of 645 and 2064.
129
Calculate the highest common divisor of 323 and 19.
19
Calculate the greatest common factor of 42204 and 12.
12
Calculate the highest common factor of 61 and 19703.
61
Calculate the greatest common divisor of 1600 and 416.
32
Calculate the greatest common divisor of 1456 and 624.
208
What is the greatest common divisor of 56 and 7?
7
Calculate the greatest common divisor of 112 and 280.
56
Calculate the greatest common divisor of 8967 and 98.
49
What is the greatest common divisor of 231 and 189?
21
What is the greatest common divisor of 258 and 24?
6
What is the greatest common factor of 368 and 46?
46
Calculate the greatest common factor of 156 and 520.
52
What is the highest common factor of 32 and 1888?
32
Calculate the highest common divisor of 1393 and 182.
7
Calculate the greatest common factor of 294 and 168.
42
Calculate the highest common factor of 23800 and 40.
40
Calculate the highest common factor of 187 and 22.
11
What is the highest common divisor of 868 and 992?
124
Calculate the highest common factor of 18 and 1728.
18
Calculate the greatest common factor of 20 and 28.
4
What is the highest common divisor of 62 and 566?
2
What is the greatest common divisor of 9486 and 187?
17
What is the highest common divisor of 2773 and 517?
47
Calculate the highest common factor of 776 and 8.
8
What is the highest common factor of 50 and 21650?
50
Calculate the highest common divisor of 9 and 3411.
9
What is the greatest common factor of 368 and 656?
16
Calculate the highest common factor of 13 and 52.
13
Calculate the highest common divisor of 1372 and 644.
28
Calculate the highest common divisor of 168 and 1988.
28
Calculate the highest common factor of 185 and 851.
37
Calculate the highest common factor of 2513 and 14.
7
Calculate the highest common divisor of 741 and 2565.
57
What is the greatest common divisor of 66 and 363?
33
What is the greatest common factor of 2964 and 130?
26
Calculate the greatest common divisor of 16 and 24.
8
What is the highest common factor of 36 and 500?
4
What is the greatest common divisor of 6190 and 10?
10
Calculate the greatest common factor of 286 and 352.
22
What is the highest common factor of 136 and 697?
17
What is the highest common factor of 21 and 5?
1
What is the highest common factor of 1339 and 13?
13
Calculate the greatest common factor of 160 and 3168.
32
What is the highest common divisor of 45 and 2085?
15
Calculate the highest common factor of 61 and 15189.
61
Calculate the greatest common factor of 160 and 96.
32
Calculate the highest common divisor of 44 and 583.
11
Calculate the greatest common divisor of 80 and 5560.
40
Calculate the greatest common divisor of 116 and 4.
4
Calculate the greatest common divisor of 5699 and 287.
41
Calculate the greatest common divisor of 4 and 7492.
4
What is the greatest common divisor of 12 and 27?
3
What is the greatest common divisor of 70 and 14?
14
Calculate the highest common factor of 276 and 36.
12
What is the highest common divisor of 196 and 28?
28
What is the highest common divisor of 52 and 356?
4
Calculate the greatest common factor of 2834 and 26.
26
What is the greatest common divisor of 3573 and 9?
9
Calculate the highest common divisor of 644 and 828.
92
Calculate the highest common factor of 270 and 13230.
270
What is the greatest common factor of 90 and 25770?
30
What is the greatest common divisor of 14 and 910?
14
Calculate the greatest common factor of 43 and 688.
43
What is the highest common divisor of 23 and 299?
23
Calculate the highest common factor of 46 and 115.
23
What is the highest common divisor of 28 and 8?
4
What is the highest common divisor of 40 and 100?
20
Calculate the highest common factor of 196 and 21.
7
What is the highest common factor of 2926 and 154?
154
Calculate the greatest common divisor of 1260 and 567.
63
What is the highest common divisor of 28 and 259?
7
What is the greatest common divisor of 177 and 236?
59
What is the highest common factor of 2379 and 91?
13
Calculate the highest common divisor of 1312 and 24.
8
Calculate the highest common divisor of 9065 and 185.
185
Calculate the greatest common divisor of 836 and 7172.
44
Calculate the greatest common divisor of 15 and 755.
5
What is the greatest common factor of 45 and 3285?
45
What is the greatest common factor of 136 and 17?
17
What is the greatest common factor of 880 and 112?
16
Calculate the greatest common factor of 24 and 486.
6
Calculate the greatest common divisor of 16 and 16.
16
What is the greatest common factor of 405 and 15?
15
Calculate the greatest common divisor of 4 and 772.
4
What is the highest common divisor of 17 and 2?
1
What is the highest common divisor of 17 and 9962?
17
What is the highest common divisor of 4661 and 237?
79
Calculate the greatest common divisor of 130 and 65.
65
What is the greatest common factor of 59 and 2183?
59
Calculate the greatest common divisor of 25 and 425.
25
What is the highest common divisor of 13 and 52?
13
What is the greatest common divisor of 574 and 246?
82
Calculate the highest common divisor of 80 and 24176.
16
Calculate the greatest common factor of 8 and 8.
8
What is the greatest common divisor of 12 and 20?
4
Calculate the greatest common factor of 410 and 1070.
10
What is the greatest common factor of 817 and 38?
19
What is the highest common divisor of 44 and 110?
22
What is the highest common divisor of 4872 and 112?
56
Calculate the greatest common divisor of 68 and 34.
34
What is the highest common divisor of 12712 and 280?
56
What is the greatest common divisor of 1302 and 42?
42
Calculate the highest common factor of 34 and 238.
34
What is the greatest common divisor of 2359 and 7?
7
Calculate the highest common factor of 1132 and 44.
4
What is the greatest common divisor of 12 and 750?
6
What is the highest common factor of 17 and 5729?
17
What is the greatest common factor of 689 and 53?
53
Calculate the greatest common divisor of 100 and